-f**2 - 121*f - 2344. Determine b(-23).
-90
Let w(u) = 3723*u + 29806. What is w(-8)?
22
Let w(n) = 3079*n - 104677. Give w(34).
9
Let i(y) = -y**3 + 45*y**2 + 8427*y - 329. Calculate i(117).
22
Let h(n) = n**2 - 60*n + 886. Determine h(15).
211
Let g(w) = 774*w + 6967. What is g(-9)?
1
Let d(k) = -k**2 + 14*k + 38. What is d(11)?
71
Let b(j) = 29*j + 148. Give b(-5).
3
Let x(l) = 230*l + 1856. Give x(-8).
16
Let w(j) = -16*j + 634. Calculate w(41).
-22
Let q(p) = 15*p**3 - 4*p**2 - 8*p + 11. What is q(1)?
14
Let x(w) = -472*w - 2881. Give x(-6).
-49
Let k(i) = -418*i + 857. Give k(2).
21
Let v(r) = -2*r**2 - 13*r + 290. Give v(9).
11
Let h(j) = -2*j**3 + 57*j**2 - 25*j - 25. Give h(28).
59
Let w(j) = j**3 + 38*j**2 + 64*j - 287. Calculate w(-36).
1
Let j(c) = -c**2 + 102*c + 2723. Calculate j(124).
-5
Let q(z) = 2*z**2 + 12*z - 44. Give q(-11).
66
Let p(n) = -9*n**2 - 32*n - 16. What is p(-3)?
-1
Let j(h) = 80*h + 3. What is j(-3)?
-237
Let q(r) = r**3 + r**2 - 62*r - 5. What is q(0)?
-5
Let k(o) = o**3 + 127*o**2 + 129*o + 380. Calculate k(-126).
2
Let v(i) = 326*i - 6484. Calculate v(20).
36
Let r(i) = 48*i**2 + 1344*i - 13. Calculate r(-28).
-13
Let z(g) = -9*g + 340. Determine z(15).
205
Let u(g) = g**3 - 4*g**2 - 10*g - 12. What is u(6)?
0
Let p(g) = -40*g - 266. Calculate p(-10).
134
Let g(v) = v**2 + 54*v - 9884. Calculate g(-130).
-4
Let l(c) = 2*c**2 + 212*c - 18566. Determine l(57).
16
Let x(p) = p - 50. Give x(-43).
-93
Let z(n) = -740*n - 80655. Determine z(-109).
5
Let r(k) = -1515*k - 27272. Give r(-18).
-2
Let f(h) = -40*h**2 + 38*h - 15. Determine f(1).
-17
Let h(z) = z**3 + 54*z**2 + 132*z + 1442. Give h(-52).
-14
Let p(s) = 3*s**3 - 122*s**2 + 82*s - 76. Determine p(40).
4
Let w(s) = 1668*s - 10008. Calculate w(6).
0
Let t(r) = -4*r**2 + r - 92. What is t(8)?
-340
Let b(p) = -169*p + 9. What is b(-1)?
178
Let z(h) = 179*h + 245. Determine z(-2).
-113
Let w(k) = -k**2 - 36*k + 287. Determine w(11).
-230
Let j(z) = 61*z + 563. Calculate j(-5).
258
Let k(h) = -2*h**2 - 170*h - 739. Determine k(-80).
61
Let l(p) = -969*p + 1946. Give l(2).
8
Let u(d) = -18*d**2 + 48*d - 162. Calculate u(3).
-180
Let s(h) = -4*h**2 + 52*h - 298. Give s(18).
-658
Let k(z) = -2*z**3 + 64*z**2 + 133*z + 158. Determine k(34).
56
Let m(u) = -u**3 + 29*u**2 + 6*u - 447. Determine m(29).
-273
Let q(y) = -9649*y + 24. Give q(0).
24
Let u(s) = -51*s - 342. What is u(-5)?
-87
Let h(m) = 6*m - 404. Calculate h(55).
-74
Let g(v) = 86*v - 4998. Calculate g(58).
-10
Let k(h) = -h**3 - 297*h**2 - 10710*h + 3. What is k(-42)?
3
Let n(u) = -495*u - 10381. Give n(-21).
14
Let u(o) = -o**2 - 32*o - 8. Give u(-32).
-8
Let o(l) = 75*l + 496. Calculate o(-3).
271
Let u(l) = 3*l**2 - 9*l + 279. Determine u(0).
279
Let o(r) = -50*r + 7806. Give o(156).
6
Let v(m) = 2*m**2 + 51*m - 957. What is v(14)?
149
Let d(u) = u**3 - 29*u**2 + 233*u + 11. What is d(11)?
396
Let g(u) = u**3 - u**2 - 20*u + 62. Determine g(3).
20
Let m(z) = -3*z**3 - 15*z**2 + 10*z + 12. Give m(-5).
-38
Let t(z) = -2*z - 108. Determine t(-11).
-86
Let s(m) = 246*m + 5660. Give s(-23).
2
Let u(z) = -4*z**3 + 21*z**2 + 43*z - 82. Determine u(8).
-442
Let g(u) = u**2 + 2*u + 37. Give g(0).
37
Let s(k) = -k**2 - 28*k - 16. What is s(-24)?
80
Let j(l) = -27*l + 55. Calculate j(-9).
298
Let x(g) = -g**2 + 34*g - 13. Determine x(32).
51
Let t(u) = -44*u**3 + 2*u**2 - u - 2. What is t(2)?
-348
Let m(c) = c**2 + 3*c - 17. Give m(6).
37
Let w(d) = d**3 - 6*d**2 + 47*d - 152. Give w(4).
4
Let p(c) = -26*c - 5. What is p(-10)?
255
Let h(i) = -5*i**2 + 17*i - 78. What is h(5)?
-118
Let d(i) = -i**3 + 12*i**2 + 27*i - 2. Give d(14).
-16
Let b(p) = 3*p**2 + 54*p + 243. Give b(-8).
3
Let o(b) = -2114*b + 1805. What is o(1)?
-309
Let u(x) = -x**2 + 316*x + 6270. What is u(-19)?
-95
Let k(q) = 7*q**2 - 180*q + 158. What is k(25)?
33
Let q(i) = i**2 + 219*i + 9128. What is q(-56)?
0
Let y(v) = -3*v**3 - 5*v**2 - 8*v - 41. Determine y(-4).
103
Let m(o) = 5*o**2 - 92*o - 59. Give m(19).
-2
Let m(a) = a**3 + 11*a**2 - 7*a - 37. Calculate m(2).
1
Let q(a) = -a**3 + 21*a**2 - 34*a - 38. What is q(18)?
322
Let d(w) = -34*w**2 - 306*w - 4. Calculate d(-9).
-4
Let f(l) = -1309*l - 7848. Determine f(-6).
6
Let q(s) = -s**3 - 13*s**2 + 40*s - 6. Calculate q(-15).
-156
Let j(a) = 30*a + 486. Give j(-16).
6
Let h(m) = 145*m - 1458. Determine h(10).
-8
Let m(s) = 61*s + 559. What is m(-9)?
10
Let v(j) = -74*j + 213. Determine v(3).
-9
Let k(y) = -5*y**2 + 11*y + 4. Give k(4).
-32
Let j(y) = 307*y - 609. Give j(2).
5
Let h(u) = -182*u - 1209. What is h(-9)?
429
Let f(b) = -80*b - 1347. What is f(-17)?
13
Let p(a) = 8*a**2 - 177*a + 35. Give p(21).
-154
Let q(v) = 26*v - 1326. Determine q(56).
130
Let k(q) = -q**3 - 44*q**2 - 11*q - 506. Determine k(-44).
-22
Let m(y) = -2*y**2 + 148*y + 6104. What is m(103)?
130
Let n(y) = y**2 + 270*y - 1353. Determine n(5).
22
Let n(r) = 83*r - 251. What is n(2)?
-85
Let r(x) = -181*x - 1062. Determine r(-5).
-157
Let k(z) = z**3 + 22*z**2 - 47*z - 1432. What is k(-21)?
-4
Let q(c) = -2272*c - 22716. What is q(-10)?
4
Let g(z) = z. Calculate g(-1).
-1
Let y(p) = -58*p - 361. Calculate y(-6).
-13
Let a(f) = -35*f + 44. Give a(-4).
184
Let n(z) = 2*z**3 + 30*z**2 + 33*z + 484. Calculate n(-15).
-11
Let z(g) = -4*g**3 - 19*g**2 - 46*g - 164. Give z(-4).
-28
Let i(t) = 84*t + 6138. Determine i(-73).
6
Let t(x) = 3*x**3 - 2*x**2 - 122*x - 124. Determine t(-1).
-7
Let y(t) = 2*t**2 - 4*t - 113. What is y(0)?
-113
Let f(l) = l**3 - 28*l**2 - 428*l + 19. What is f(-11)?
8
Let r(y) = 30*y + 175. Give r(-14).
-245
Let j(z) = 9*z + 30. Give j(12).
138
Let h(x) = 254*x + 6113. What is h(-24)?
17
Let j(w) = w**2 - 10*w - 19838. Calculate j(-136).
18
Let k(n) = n**3 + 37*n**2 - 72*n + 272. What is k(-39)?
38
Let x(h) = -h**3 - 5*h**2 + 26*h + 2. Calculate x(-8).
-14
Let v(c) = -8*c**2 - 8*c - 31. Give v(-3).
-79
Let y(r) = 2*r**3 + 21*r**2 + 16*r - 89. Give y(-9).
10
Let q(w) = -4*w**2 - 402*w + 605. Calculate q(-102).
-7
Let n(b) = 16*b**2 - 190*b + 12. Give n(11).
-142
Let i(a) = -2373*a + 9492. Give i(4).
0
Let p(d) = 3*d**2 + 44*d - 128. What is p(-16)?
-64
Let m(g) = -4*g**2 + g + 14. Calculate m(-3).
-25
Let b(z) = -z**2 - 346*z - 1048. Determine b(-3).
-19
Let d(f) = -2*f**2 + 16*f + 434. What is d(19)?
16
Let c(d) = -26*d**3 + 87*d**2 - 22*d + 4. Determine c(3).
19
Let j(m) = 28*m + 32. Calculate j(-1).
4
Let u(k) = -k**3 - 33*k**2 - 266*k + 107. Calculate u(-17).
5
Let n(r) = -3*r**2 + 18*r - 21. Determine n(0).
-21
Let m(h) = 9*h**2 - 13*h + 36. Give m(3).
78
Let q(i) = 7*i + 55. Determine q(-10).
-15
Let m(t) = 3046*t - 21331. What is m(7)?
-9
Let u(m) = m**3 + 3*m**2 + 6*m + 60. Give u(0).
60
Let v(g) = 2*g**2 + 2*g - 191. Give v(10).
29
Let y(c) = -c**2 - 19*c + 23. Determine y(2).
-19
Let q(z) = 3*z**2 - 129*z - 261. Give q(45).
9
Let f(z) = 122*z**2 - 1128*z - 924. Give f(10).
-4
Let h(l) = 5671*l - 19. Calculate h(0).
-19
Let n(k) = k**3 - 7*k**2 - k + 3. Determine n(8).
59
Let h(y) = 6*y**2 + 39*y - 5. Give h(5).
340
Let n(f) = -31*f - 245. Calculate n(-9).
34
Let m(l) = l**2 + 41*l + 377. What is m(-33)?
113
Let t(h) = -h**3 - 220*h**2 - 863*h + 214. Give t(-216).
-2
Let d(t) = 56*t + 127. What is d(-4)?
-97
Let d(i) = 13*i**2 + 113*i - 445. What is d(3)?
11
Let u(q) = -3*q**3 + 16*q**2 - 12*q - 2. What is u(4)?
14
Let n(a) = 3381*a - 16930. Give n(5).
-25
Let b(g) = -18*g**2 - 16*g + 63. Determine b(2).
-41
Let v(y) = y**3 + 7*y**2 - 53*y - 348. What is v(-8)?
12
Let p(y) = -2341*y - 23460. Give p(-10).
-50
Let n(m) = 126*m + 1375. Determine n(-11).
-11
Let v(b) = -12*b**3 + 50*b**2 + 6*b - 5. What is v(4)?
51
Let m(y) = -y**3 + 59*y**2 - 268*y - 93. Determine m(54).
15
Let q(o) = -23*o - 234. Determine q(-10).
-4
Let r(t) = -t**2 + 138*t - 836. Give r(6).
-44
Let h(k) = k**3 - k**2 + 393*k + 1195. What is h(-3)?
-20
Let s(j) = -j**3 - 47*j**2 - 98*j - 352. What is s(-45)?
8
Let b(i) = 110*i - 643. Determine b(6).
17
Let l(v) = 76*v**3 + 836*v**2 - v - 19. Determine l(-11).
-8
Let i(s) = -24*s - 32. Give i(-1).
-8
Let c(z) = -30*z**2 - 2849*z - 47. Calculate c(-95).
-142
Let z(i) = -3*i**3 - 295*i**2 - 111*i - 1254. What is z(-98)?
20
Let i(a) = 464*a - 6936. What is i(15)?
24
Let n(b) =